{"id":295,"date":"2026-03-22T21:30:13","date_gmt":"2026-03-22T19:30:13","guid":{"rendered":"https:\/\/www.laplandsahko.fi\/?page_id=295"},"modified":"2026-03-23T21:35:16","modified_gmt":"2026-03-23T19:35:16","slug":"tietosuojaseloste","status":"publish","type":"page","link":"https:\/\/www.laplandsahko.fi\/index.php\/tietosuojaseloste\/","title":{"rendered":"Tietosuojaseloste \u00a0(GDPR)"},"content":{"rendered":"<ol>\n<li>Rekisterinpit\u00e4j\u00e4<\/li>\n<\/ol>\n<p><strong>Lapland S\u00e4hk\u00f6 Oy<\/strong><\/p>\n<p>Rovaniemi, Suomi<\/p>\n<p>Y-tunnus: 3387045-9<br \/>Puhelin: 045 7837 6189S\u00e4hk\u00f6posti: laplandsahko@gmail.com<\/p>\n<ol style=\"text-align: left;\" start=\"2\">\n<li>Mit\u00e4 tietoja ker\u00e4\u00e4mme<\/li>\n<\/ol>\n<p>Ker\u00e4\u00e4mme seuraavia henkil\u00f6tietoja:<\/p>\n<ul style=\"text-align: left;\">\n<li>Nimi<\/li>\n<li>Puhelinnumero<\/li>\n<li>S\u00e4hk\u00f6postiosoite<\/li>\n<li>Osoite (tarvittaessa palvelun toteuttamiseen)<\/li>\n<li>Asiakkaan antamat tiedot tarjouspyynn\u00f6ss\u00e4<\/li>\n<\/ul>\n<ol style=\"text-align: left;\" start=\"3\">\n<li>Mihin tietoja k\u00e4ytet\u00e4\u00e4n<\/li>\n<\/ol>\n<ul style=\"text-align: left;\">\n<li>Henkil\u00f6tietoja k\u00e4ytet\u00e4\u00e4n:<\/li>\n<li>Yhteydenottoon asiakkaan kanssa<\/li>\n<li>Tarjousten tekemiseen<\/li>\n<li>Palveluiden toteuttamiseen<\/li>\n<li>Asiakassuhteen hoitamiseen<\/li>\n<li>Laskutukseen<\/li>\n<\/ul>\n<ol style=\"text-align: left;\" start=\"4\">\n<li>Tietojen k\u00e4sittelyn peruste<\/li>\n<\/ol>\n<p>Tietojen k\u00e4sittely perustuu:<\/p>\n<ul style=\"text-align: left;\">\n<li>Sopimuksen t\u00e4yt\u00e4nt\u00f6\u00f6npanoon<\/li>\n<li>Asiakkaan suostumukseen<\/li>\n<li>Lakis\u00e4\u00e4teisiin velvoitteisiin<\/li>\n<\/ul>\n<ol style=\"text-align: left;\" start=\"5\">\n<li>Tietojen s\u00e4ilytys<\/li>\n<\/ol>\n<p>S\u00e4ilyt\u00e4mme henkil\u00f6tietoja vain niin kauan kuin se on tarpeellista palvelun toteuttamiseksi tai lain vaatimusten mukaisesti.<\/p>\n<ol style=\"text-align: left;\" start=\"6\">\n<li>Tietojen luovutus<\/li>\n<\/ol>\n<p>Tietoja ei luovuteta kolmansille osapuolille ilman asiakkaan suostumusta, paitsi:<\/p>\n<ul style=\"text-align: left;\">\n<li>viranomaisille lain vaatimuksesta<\/li>\n<li>laskutus- tai kirjanpitopalveluille<\/li>\n<\/ul>\n<ol style=\"text-align: left;\" start=\"7\">\n<li>Tietojen suojaus<\/li>\n<\/ol>\n<p>Suojaamme tiedot asianmukaisesti teknisin ja organisatorisin keinoin.<\/p>\n<ol style=\"text-align: left;\" start=\"8\">\n<li>Asiakkaan oikeudet<\/li>\n<\/ol>\n<p>Asiakkaalla on oikeus:<\/p>\n<ul style=\"text-align: left;\">\n<li>tarkistaa omat tietonsa<\/li>\n<li>pyyt\u00e4\u00e4 tietojen korjaamista<\/li>\n<li>pyyt\u00e4\u00e4 tietojen poistamista<\/li>\n<li>vastustaa tietojen k\u00e4sittely\u00e4<\/li>\n<li>rajoittaa tietojen k\u00e4sittely\u00e4<\/li>\n<li>siirt\u00e4\u00e4 tiedot j\u00e4rjestelm\u00e4st\u00e4 toiseen<\/li>\n<li>peruuttaa antamansa suostumus milloin tahansa<\/li>\n<li>tehd\u00e4 valitus valvontaviranomaiselle<\/li>\n<\/ul>\n<ol style=\"text-align: left;\" start=\"9\">\n<li>Tietojen l\u00e4hde<\/li>\n<\/ol>\n<p>Tiedot saadaan asiakkaalta itselt\u00e4\u00e4n yhteydenoton, tarjouspyynn\u00f6n tai sopimuksen yhteydess\u00e4.<\/p>\n<ol style=\"text-align: left;\" start=\"10\">\n<li>Ev\u00e4steet (Cookies)<\/li>\n<\/ol>\n<p>Sivusto k\u00e4ytt\u00e4\u00e4 ev\u00e4steit\u00e4 k\u00e4ytt\u00e4j\u00e4kokemuksen parantamiseksi sek\u00e4 analytiikkaan ja markkinointiin (esim. Google Analytics ja Google Ads).<\/p>\n<p>Ev\u00e4steet voivat ker\u00e4t\u00e4 tietoja kuten:<\/p>\n<ul style=\"text-align: left;\">\n<li>IP-osoite<\/li>\n<li>selaintiedot<\/li>\n<li>sivuston k\u00e4ytt\u00f6<\/li>\n<\/ul>\n<p>K\u00e4ytt\u00e4j\u00e4 voi hallita tai est\u00e4\u00e4 ev\u00e4steiden k\u00e4yt\u00f6n selaimen asetuksista.<\/p>\n<ol style=\"text-align: left;\" start=\"11\">\n<li>Tietojen siirto EU\/ETA-alueen ulkopuolelle<\/li>\n<\/ol>\n<p>Tietoja ei p\u00e4\u00e4s\u00e4\u00e4nt\u00f6isesti siirret\u00e4 EU\/ETA-alueen ulkopuolelle.<\/p>\n<p>Mik\u00e4li k\u00e4yt\u00e4mme palveluita kuten Google tai Meta, tietoja voidaan k\u00e4sitell\u00e4 EU\/ETA-alueen ulkopuolella sovellettavan tietosuojalains\u00e4\u00e4d\u00e4nn\u00f6n mukaisesti.<\/p>\n<ol style=\"text-align: left;\" start=\"12\">\n<li>Yhteydenotto<\/li>\n<\/ol>\n<p>Tietosuojaan liittyviss\u00e4 asioissa voit ottaa yhteytt\u00e4:<\/p>\n<p><strong><em>laplandsahko@gmail.com<\/em><\/strong><\/p>\n<p>P\u00e4ivitetty: 01.03.2026<\/p>\n<p><strong>Lapland S\u00e4hk\u00f6 Oy<\/strong> <img loading=\"lazy\" decoding=\"async\" class=\"size-medium wp-image-208 alignright\" src=\"https:\/\/www.laplandsahko.fi\/wp-content\/uploads\/2025\/03\/cropped-cropped-Zdjecie-WhatsApp-2025-03-22-o-19.21.50_5fa65be2-1-300x204.jpg\" alt=\"\" width=\"300\" height=\"204\" srcset=\"https:\/\/www.laplandsahko.fi\/wp-content\/uploads\/2025\/03\/cropped-cropped-Zdjecie-WhatsApp-2025-03-22-o-19.21.50_5fa65be2-1-300x204.jpg 300w, https:\/\/www.laplandsahko.fi\/wp-content\/uploads\/2025\/03\/cropped-cropped-Zdjecie-WhatsApp-2025-03-22-o-19.21.50_5fa65be2-1.jpg 511w\" sizes=\"auto, (max-width: 300px) 100vw, 300px\" \/><\/p>\n\n\n<p><\/p>\n","protected":false},"excerpt":{"rendered":"<p>Rekisterinpit\u00e4j\u00e4 Lapland S\u00e4hk\u00f6 Oy Rovaniemi, Suomi Y-tunnus: 3387045-9Puhelin: 045 7837 6189S\u00e4hk\u00f6posti: laplandsahko@gmail.com Mit\u00e4 tietoja ker\u00e4\u00e4mme Ker\u00e4\u00e4mme seuraavia henkil\u00f6tietoja: Nimi Puhelinnumero S\u00e4hk\u00f6postiosoite Osoite (tarvittaessa palvelun toteuttamiseen) Asiakkaan antamat tiedot tarjouspyynn\u00f6ss\u00e4 Mihin tietoja k\u00e4ytet\u00e4\u00e4n Henkil\u00f6tietoja k\u00e4ytet\u00e4\u00e4n: Yhteydenottoon asiakkaan kanssa Tarjousten tekemiseen Palveluiden toteuttamiseen Asiakassuhteen hoitamiseen Laskutukseen Tietojen k\u00e4sittelyn peruste Tietojen k\u00e4sittely perustuu: Sopimuksen t\u00e4yt\u00e4nt\u00f6\u00f6npanoon Asiakkaan suostumukseen Lakis\u00e4\u00e4teisiin [&hellip;]<\/p>\n","protected":false},"author":1,"featured_media":0,"parent":0,"menu_order":0,"comment_status":"closed","ping_status":"closed","template":"","meta":{"footnotes":""},"class_list":["post-295","page","type-page","status-publish","hentry"],"_links":{"self":[{"href":"https:\/\/www.laplandsahko.fi\/index.php\/wp-json\/wp\/v2\/pages\/295","targetHints":{"allow":["GET"]}}],"collection":[{"href":"https:\/\/www.laplandsahko.fi\/index.php\/wp-json\/wp\/v2\/pages"}],"about":[{"href":"https:\/\/www.laplandsahko.fi\/index.php\/wp-json\/wp\/v2\/types\/page"}],"author":[{"embeddable":true,"href":"https:\/\/www.laplandsahko.fi\/index.php\/wp-json\/wp\/v2\/users\/1"}],"replies":[{"embeddable":true,"href":"https:\/\/www.laplandsahko.fi\/index.php\/wp-json\/wp\/v2\/comments?post=295"}],"version-history":[{"count":5,"href":"https:\/\/www.laplandsahko.fi\/index.php\/wp-json\/wp\/v2\/pages\/295\/revisions"}],"predecessor-version":[{"id":312,"href":"https:\/\/www.laplandsahko.fi\/index.php\/wp-json\/wp\/v2\/pages\/295\/revisions\/312"}],"wp:attachment":[{"href":"https:\/\/www.laplandsahko.fi\/index.php\/wp-json\/wp\/v2\/media?parent=295"}],"curies":[{"name":"wp","href":"https:\/\/api.w.org\/{rel}","templated":true}]}}